 (-13 - (-6 + -9)) + (2 - 2)?
2
What is the value of -11 - (-2 + 2 + 0 - (6 + -7))?
-12
What is the value of 19 + (-23 - -58) + -39?
15
What is the value of -144 + 132 + 18 + (-2 - -4)?
8
16 - (5 - (2 + 1 + -5))
9
Calculate -53 - -41 - (-3 + -26).
17
What is the value of (-14 - 2) + 13 + -17?
-20
Evaluate -18 + (0 + -14 - -12 - -15).
-5
What is 23 - (-94 + 87 - (-2 - 1 - 5))?
22
Evaluate 14 - ((-13 - -17) + 5).
5
What is (-8 + -5 + 24 - -12) + -6?
17
Evaluate -435 + 444 + 0 + 2 + 1 + -1.
11
What is the value of 9 - ((28 - (2 + 0)) + -8)?
-9
What is the value of -13 - -2 - ((-8 + 18 - 2) + -15)?
-4
14 + -3 + (-1 - 0) - (41 - 33)
2
-699 + 736 + -22 + 3
18
-18 - (-2 - (0 + 0)) - (-27 + 27)
-16
Calculate -9 + -4 - (10 - 10).
-13
Evaluate -14 + (-20 - -29 - -30).
25
What is 13 + (0 - (-1 - -2)) + (111 - 105)?
18
Evaluate (6 - -9 - 14) + -14 + 44.
31
What is the value of 2 - 15 - -7 - (7 + -1)?
-12
-21 - (-5 - -1 - (1 + -4))
-20
What is the value of 0 + -3 + 3 + -1 + (0 - 0)?
-1
What is the value of 28 + (-38 - (-20 - -2))?
8
Calculate (-14 - 1) + (329 - 327).
-13
Evaluate (22 - 3) + 20 + -58 + -5.
-24
What is 2 - 10 - (8 + (-39 - 4))?
27
What is (-5 - 0) + ((-12 - -5) + 14 - 16)?
-14
Evaluate (16 - (-16 - -16)) + -8.
8
What is the value of 31 - (44 - 8) - (-2 + 14)?
-17
Calculate -2 + -11 + 7 + -6 + 3.
-9
Evaluate (4 - (-31 - -12 - -8)) + 2.
17
Calculate 9 + -2 + -13 + 12 + -5.
1
What is the value of -203 - -184 - (3 - 17)?
-5
Evaluate 7 + -13 + -4 + -38 + 26.
-22
What is (0 + 11 - (-19 + 56)) + 1 + -2?
-27
Calculate 14 + 4 - (3 - -15).
0
(6 - -3 - (8 + -7)) + 1 + -4
5
Evaluate 14 + -10 - 0 - (4 - (2 + -3)).
-1
Evaluate -14 - ((-1 - 4) + 4 - (-1 + 1)).
-13
17 - (28 - 2) - -5
-4
What is the value of 72 + -66 + (-6 - 0)?
0
Evaluate 12 + 6 + -22 - 12.
-16
Calculate 10 - ((-9 - 1) + 8 + 10).
2
What is -26 - -11 - 0 - -21?
6
-20 - 2 - (71 - 88)
-5
-7 - (7 + (8 - 19) + -3 + 1)
-1
What is the value of -1 - 14 - (20 - 9 - (0 - -17))?
-9
(21 + -28 + 15 - 8) + 0
0
53 + -67 + -6 + 10
-10
Evaluate (-13 - (17 + -27 + 11)) + 1.
-13
Evaluate -1 - -1 - (4 + -5) - (16 - 15).
0
Evaluate 24 + -33 - (-6 + 0) - 9 - -1.
-11
Calculate -10 + -2 + -14 + (51 - 43) + -2.
-20
-4 + (49 + -26 - (0 - -6))
13
Evaluate -4 - (5 + (-7 - 14)).
12
What is the value of (24 - (15 + (15 - 23))) + -32?
-15
13 - ((-19 - -9) + 9 + -1)
15
(6 - (-2 + 15)) + (1 - 3) + -3
-12
Calculate (17 - 39) + 30 + (0 - -7).
15
What is (-7 - 1) + 43 - (12 + 2)?
21
What is the value of (-1 - (-4 + -3)) + -1 - (28 - 12)?
-11
Calculate (-80 - 7 - -74) + -16 + 1.
-28
What is -32 - -21 - (8 - 4 - 1)?
-14
What is the value of 2 + (3 - 4 - (-8 + 6))?
3
What is 1 + (14 - (2 + 0 + -1 + 2))?
12
What is the value of (-19 - -25) + -4 + 4 + 10 + 1?
17
What is the value of 9 - (-3 + 12 + 18)?
-18
(-7 - 5) + 11 + (18 - (-1 + 3))
15
What is the value of -10 + -2 - ((3 - -38) + 9 + -27)?
-35
What is -19 + -9 + 28 - (1 - 18)?
17
What is the value of (-4188 - -4210) + (5 - 0) + -2?
25
Calculate 11 + (-35 - (-35 - -15)).
-4
What is the value of 55 + -67 + 0 + 3?
-9
What is the value of -3 + 4 + 1 + (-18 - -27) + -19?
-8
What is the value of (-8 - (4 + -20)) + (3 - 2 - 23)?
-14
Calculate 24 + (-14 - (51 - 13)).
-28
Calculate -19 + 17 + -4 + 11 + 1.
6
-9 - (14 + -10) - -4
-9
Calculate (7 - 0) + 11 - 4.
14
11 - (11 - -6) - -10
4
What is the value of (19 - (-11 + 34)) + 2 + -24?
-26
Calculate 33 + -13 - (21 + -4).
3
What is the value of -493 + 475 + 1 + 27?
10
What is the value of -49 - -46 - (-1 - (17 + 1))?
16
-14 + -3 + -1 + 7
-11
-6 - (-30 - -17 - -16)
-9
What is 42 + -13 + 3 + -3 + -7?
22
What is 17 + (-7 - (-13 + 25 + 9))?
-11
27 + -42 + -3 + 5
-13
What is (-7 - -7 - 12) + (-6 - 19)?
-37
45 + -23 + -4 - 26
-8
What is the value of -22 - (11 + -28 + 4) - (-25 - 2)?
18
What is the value of 15 - (27 + (-2 - 9) + -30)?
29
Evaluate (-27 - -10 - -11) + -1 + 8.
1
What is the value of 7 + (9 - 4 - 21) - (2 + -2)?
-9
Evaluate 7 - (-4 + 2 + -7 - -29).
-13
2 + (1 + (1 - 2) - 2)
0
Calculate 42 + (2 + -14 - 27).
3
Calculate (-15 - (2 - 31) - 0) + -31.
-17
-15 + (2 - 3 - 4) + 7 + 3
-10
Evaluate -63 - -54 - (5 + 3).
-17
What is the value of (5 - (-1 + 16)) + 17 - -2?
9
Evaluate (-27 - (32 + -42)) + (-1 - 3 - -5).
-16
Calculate 3 + (4 - 13) + 1 - -2 - -3.
0
What is -1 + 24 - -4 - 19?
8
-15 - -13 - ((0 - -4) + 0)
-6
What is the value of (9 - (-15 + 30)) + 9?
3
7 - 13 - (5 + -4 - 4 - -5)
-8
What is the value of -18 + 35 + -33 - (3 + -16)?
-3
What is -11 - ((-4 - -7) + -8) - (-8 + 14)?
-12
What is 32 + -33 + (-11 - -3) + -1 - -2?
-8
What is the value of 2 - 3 - 34 - -47?
12
Evaluate -3 - -4 - (-28 - -54).
-25
What is the value of 232 - 228 - (-24 - (2 + (-1 - 2)))?
27
What is -13 - (-22 + 53 + -16)?
-28
Evaluate (-85 - -41 - -53) + -25 + 1.
-15
Evaluate -2 - ((5 - 12) + (7 - -1)).
-3
What is the value of (3 - 7) + (48 - (-13 + 1 + 22))?
34
(-45 - -43) + (0 - (0 - (20 + 1)))
19
8 + 5 - (15 - 0 - (2 - -5))
5
What is the value of -11 + 0 + (33 - 20)?
2
Calculate -108 + 84 - (-26 - -4).
-2
What is 6 + -2 + -2 + -2 + (-7 - 0)?
-7
What is -2 + 3 + -4 - (-4 + 16 + -10)?
-5
What is -4 + 19 + 6 + -31?
-10
What is the value of 2 + 2 - (-17 + (7 - -2) + 2)?
10
Evaluate (5 - 2) + (-36 - -56) + 3.
26
Evaluate -4 + 87 + -16 - 36.
31
(-10 - 2) + 30 + -45 - (1 - 9)
-19
Evaluate -1 + 15 + 0 + -26.
-12
What is the value of 15 - (10 + 11 + -12)?
6
What is the value of -16 + 7 + -17 + 1 + 19?
-6
What is the value of 2 + -1 - ((-3 - (6 + -3)) + -1)?
8
Calculate -10 - (-27 + 0 + (-40 - -41)).
16
-12 - ((-29 - -14) + 10)
-7
What is 18 - (1 + 9 - (-198 + 209))?
19
Calculate (7 + -15 - (-3 + 1)) + 30 + -14.
10
What is the value of (-2 - ((7 - 2 - -3) + -1)) + 0?
-9
6 + -4 - (-18 - -25 - -2)
-7
Calculate (-3 - 4) + (-6 - -10 - (1 - 16)).
12
Calculate 0 + (-3 - (0 + 2)) + 6 + -5.
-4
What is the value of -234 + 209 - ((-1 - -2) + -10)?
-16
What is the value of 0 + (12 - (-10 + 24))?
-2
What is the value of -27 + 15 + -8 + 4 + -4?
-20
What is (-15 - -6) + 0 + (-6 - -9 - -3)?
-3
-7 - 31 - (-20 + 7 + 7)
-32
Evaluate (-5 - (10 - 7)) + (18 - 6).
4
57 + -23 + -29 - 13
-8
Calculate (0 - 6) + 14 - 10.
-2
What is -1 - ((-5 - (-4 - 3)) + 4)?
-7
What is 2 + (0 - (-8 - (7 - 8))) - 3?
6
Evaluate 5 - ((0 - -4 - (-24 - -32)) + -1).
10
-182 + 184 + (0 - -14)
16
Evaluate -3 + (-2 - ((8 - 4) + -6)).
-3
What is (-2 - -3) + (-9 - -21)?
13
Calculate -4 + 1 + -4 - ((6 - 2) + -3).
-8
What is the value of (0 - (-10 - 39)) + -49?
0
11 - (1 + (-10 - -9) + -1)
12
What is the value of (28 + 1 - -1) + (-133 + 24 - -109)?
30
Evaluate 23 - (8 + 22 - 13).
6
Evaluate -7 + 16 + 10 + -31 - 19.
-31
Evaluate 13 + 3 + -23 + (2 + 1 - 2).
-6
-72 - -78 - (5 - 2)
3
Calculate -2 + -6 + (-4 - (-5 + 7)).
-14
Evaluate 6 + -1 - (-14 + (-9 - -16) - -7).
5
Calculate (5 + (-2 - -2) - 13) + -32 + 45.
5
Evaluate (23 - 23) + 2 - 5.
-3
17 + (-1 + -9 - (-360 - -369))
-2
Evaluate 2 - (-4 - (-4 - 2)).
0
What is -6 + 7 + -16 + 4?
-11
Calculate -37 - (45 + -16 + -38).
-28
What is the value of 7 - (-6 + -18 + 6 + 12)?
13
Evaluate 29 + -8 + -6 + (75 - 95).
-5
Evaluate -1 + -14 + (30 - 14).
1
What is the value of (-8 - 6) + 40 + -47?
-21
1 + 15 + (6 - 9) + -7
6
-14 + 3 + -21 - -20
-12
(42 - 33 - (0 - -4)) + (-4 - -7)
8
What is (-7 - (-10 - (-15 + 12))) + 7?
7
Evaluate 0 + (-41 - -15 - -16).
-10
Calculate 11 - (17 - (29 + -9)).
14
Evaluate -10 + (-13 - (-7 + -4 + -8)).
-4
Evaluate (3 - 23 - 4) + (0 - -12).
-12
-12 + 34 + (7 - 17)
12
What is the value of 1 + (24 - 39) + -2?
-16
Evaluate 46 - (-1 - -2 - (-208 + 197)).
34
What is 9 + (-3 - -8 - 11) + (2 - -12)?
17
-23 - ((1 - 0) + -8 + -1 + 10)
-25
-29 + -2 + 1 + 17
-13
Calculate 5 + -2 + -13 + -8 + 7.
-11
What is the value of 5 + -4 + 4 + -3 - (-5 - -20)?
-13
What is 14 + -15 - (-21 - (5 - (-3 + 6)))?
22
What is -21 + (-5 - (-5 - 18)) - (2 + 0)?
-5
What is the value of (5 - (30 - 2)) + (21 - 18) - -6?
-14
What is (-8 - -4) + 4 - (6 + -7)?
1
What is the value of (-48 - -40) + (2 + -9 - (2 - 5))?
-12
(5 - 7) + (-2 - (-1 - -2)) - 3
-8
(14 - 3) + -23 + (-5 - -16)
-1
Evaluate 18 + -11 - 13 - -12 - 28.
-22
What is -3 + -16 + 16 - (6 + (3 - 7))?
-5
What is the value of (-13 - -8) + 0 + 0 + 11 - 21?
-15
What is the value of -59 + 69 + (-3 - (0 - (4 + -3)))?
8
What is 19 - (-5 + (-17 - -37